18 = -2*k - 2*u, -2*k + 4*u - 24 = 0. Let o(q) = q**2 - 3*q - 6. Let r be o(k). List the prime factors of r - 1 - (-32 + 6).
29
Suppose 46 + 20 = 11*v. Let w(t) = 20*t**2 + 6*t - 6. Let l be w(v). Suppose 0 = -d - 6*r + 4*r + 144, -4*r = 5*d - l. List the prime factors of d.
2, 7, 11
Let o be 4/(-6)*((-25925)/(-1326) - 10/195). Let v(w) = -w**3 - 4*w + 19*w + 3 - 7 - 11*w**2. List the prime factors of v(o).
139
Let n(t) = -t**3 - 32*t**2 - 30*t + 18. Let c be n(-31). List the prime factors of c/(98/136 + (-12)/16).
2, 13, 17
Let z be (-5*3*24/90)/2. List the prime factors of (-10 - -1290) + z + -3.
3, 5, 17
Suppose -3*j + 5*o - 4*o + 17242 = 0, 6*j = -4*o + 34442. List the prime factors of j.
3, 5, 383
Let i = -115 - -291. Let x = i - 102. List the prime factors of x.
2, 37
Let a(y) = -154*y - 21. Let m be a(-13). Suppose -5*r - 633 = 4*n - m, 559 = 2*r - 5*n. What are the prime factors of r?
2, 17
Let r be 1 - (-85)/(-75) - (-257)/15. Suppose 23*z - 1302 = r*z. What are the prime factors of z?
7, 31
Suppose -2*q - 3*i + 6 = -8, 0 = -5*i - 10. Suppose 0 = -x + 4, -2*n + 2400 = -q*x + 5*x. List the prime factors of n.
2, 5, 11
Let y(t) be the first derivative of 17*t**2/2 + 2*t - 1. Let w be (-10)/6 - 374/(-102). What are the prime factors of y(w)?
2, 3
Suppose 0 = 3*j - 219 + 159. Let u be 7 + -11 - j/(-2). What are the prime factors of u/(-21) + (-7070)/(-49)?
2, 3
Let j = -145 + 219. Suppose b - 195 = j. What are the prime factors of b?
269
Suppose 153512 + 244728 = 38*a. List the prime factors of a.
2, 5, 131
What are the prime factors of (-1)/(0 + 29820/(-29817) - (21 - 22))?
3, 3313
Let j = 65 - 63. Let d(k) = -4*k**3 + 2*k**3 - 3*k**2 - 7*k + k**3 - 4 - 4*k**j. What are the prime factors of d(-8)?
2, 29
Suppose 0 = 4*j + 269 - 465. Suppose 0 = -5*u + 1 - 31. What are the prime factors of j/(-8) - u - (-1970)/16?
3, 41
Let t be -2 - ((-6)/2 - (-32)/(-2)). Suppose -t = -5*q + 8. List the prime factors of -7 + q - ((-154)/1)/1.
2, 19
Let q be (-20)/(-6) - (-80)/(-60). Suppose 0 = -5*h + 5*v + 3850, 223 = q*h - 3*v - 1316. List the prime factors of h.
3, 257
Let v(x) = 2132*x**3 - 6*x**2 + 14*x - 49. List the prime factors of v(3).
57503
Suppose 2*m - 9 = -13, -4*m - 6042 = -o. What are the prime factors of o?
2, 7, 431
Let z(x) = -x**3 - 8*x**2 - 2*x - 20. Let p be z(-10). Let m = p + 97. What are the prime factors of m?
3, 11
Let v(g) = -g**3 + 11*g**2 + 5. Let a be v(11). Suppose -a = -3*k + 115. What are the prime factors of k?
2, 5
Let a(v) = 30*v + 2. Let d(c) = 62*c + 5. Let i(k) = -7*a(k) + 3*d(k). Let w be i(-1). Suppose 4*u = -3*z + w + 358, -2*u + 4 = 0. List the prime factors of z.
5
Suppose -3*a - b = -38, 5*b + 11 + 9 = 0. Suppose a*j = 2961 + 833. List the prime factors of j.
271
Suppose -211*o - 51256 = -3*l - 206*o, 6 = -3*o. List the prime factors of l.
2, 3, 13, 73
Let p(n) = 44*n**2 + 7*n + 21. What are the prime factors of p(-11)?
2, 3, 439
Let k(l) = -17*l**2 - 6. Let y be k(0). What are the prime factors of ((y - 273) + -4)*-1?
283
Suppose -5*j = -6 - 14. Suppose j*p = 42 - 18. Suppose -72 = p*k - 348. What are the prime factors of k?
2, 23
Let a = 19105 + -2491. What are the prime factors of a?
2, 3, 13, 71
Suppose -2*u - 5*q = -u + 140, -q + 4 = 0. Let a = 808 + u. Suppose -4*h + a = h - y, 3*y = h - 124. What are the prime factors of h?
2, 5, 13
Let b(u) = -24*u - 24*u + 57*u. Let h be b(8). Suppose -8*t = -9*t + h. What are the prime factors of t?
2, 3
Let o = -467 - -479. Let v(m) = -m**3 + 22*m**2 + 9*m + 29. What are the prime factors of v(o)?
19, 83
Let d = -42 - -436. Let p = d - 365. What are the prime factors of p?
29
Let q = 7928 - -26322. List the prime factors of q.
2, 5, 137
Let q(d) = 22 - 4*d**2 + 14*d**2 + 17*d**3 - 7*d**2 - 14*d - 5*d**3. What are the prime factors of q(4)?
2, 17, 23
Suppose -2*u - 37 + 45 = 0. Suppose -u*z = 5*a - 27, 7*z - 8*z = 3*a - 19. What are the prime factors of a?
7
Let c = -144 + 158. Suppose 795 = c*i - 1333. What are the prime factors of i?
2, 19
Let f be -6*((-3)/(-12) - (-88)/(-96)). Suppose -5*t + 2*t - d = -4246, -2*d - f = 0. List the prime factors of t.
2, 3, 59
Let x = 97 - 92. Suppose -2*a = -z - 801, 5*z = x*a - 0*a - 2010. List the prime factors of a.
3, 7, 19
Suppose 0 = -5*u - 2*s - 3*s + 7335, u - 3*s - 1451 = 0. Suppose -5*q + u = -v, 4*q - 2*v = -16 + 1184. List the prime factors of q.
293
What are the prime factors of 141/235*(2 + -7) + 15708?
3, 5, 349
Let n be -21 - (3 - (1 + 2)). What are the prime factors of (-11)/(-77) - 21396/n?
1019
Let p = 689 - 773. List the prime factors of p/(3/(-1))*141/6.
2, 7, 47
Let l be 6/8 - (-276)/(-48). Let x(m) = 8*m**2 + 12*m + 40. Let n be x(l). Suppose -n - 200 = -2*o. List the prime factors of o.
2, 5, 19
Suppose 0 = -5*w + 8*v - 5*v - 2021, -w - 413 = -5*v. Let f = w - -723. List the prime factors of f.
2, 5
Let p be (3 + -2)*(0 - 0). Let u(r) = -r**3 + 17*r**2 - 17*r + 23. Let j be u(16). Suppose p*w + j = w. What are the prime factors of w?
7
Let m(q) = 17*q - 3. Let u be m(2). Suppose u = 3*p + 73. Let r(d) = -7*d + 47. What are the prime factors of r(p)?
5, 29
Let x(j) = 2749*j**2 - 158*j + 447. List the prime factors of x(3).
2, 3, 1373
Suppose -9539 = -5*u + 5*k + 96016, 3*u - 63336 = 4*k. List the prime factors of u.
2, 3, 1759
What are the prime factors of (6 - (-8 - 22930)) + 5 + 5?
2, 23, 499
What are the prime factors of 535476/39 + ((-2)/39)/(2/6)?
2, 5, 1373
Let b be -15 - ((-145)/45 - (-4)/18). Let r be (266/(-6))/(5 + 58/b). Let i = -159 - r. What are the prime factors of i?
107
Let i(s) = -3*s + 29. Suppose -2*v = -17 - 1. Let n be i(v). Suppose n*w - 121 = -7. What are the prime factors of w?
3, 19
Suppose -30*t + 27*t - 4*f = -26242, 8750 = t + 4*f. What are the prime factors of t?
2, 4373
Let t = 612 - 612. What are the prime factors of -3 - (-467 + 4 + t)?
2, 5, 23
Let z = -1915 - -3261. List the prime factors of z.
2, 673
Let w(c) = c**3 - 8*c**2 + 3 - c + 5*c**2 + 0. Let l(k) = -2*k**3 + 6*k**2 + 2*k - 6. Let v(o) = -3*l(o) - 5*w(o). What are the prime factors of v(4)?
3, 5
Let c = -89 - -89. Suppose -3*u = -c*u - 1155. What are the prime factors of u?
5, 7, 11
Suppose 0*l - l - 3*i = -135, 5*l = 5*i + 655. Let d = l + -76. Let m = d - -9. What are the prime factors of m?
5, 13
List the prime factors of (-7)/4*8220/(-3).
5, 7, 137
Let z = 7 + -7. Suppose 43*n = 37*n + 270. Suppose -48*w + n*w + 225 = z. List the prime factors of w.
3, 5
Let m(b) = -28*b - 193. Let d be m(-8). Suppose d*c = -9*c + 40480. List the prime factors of c.
2, 11, 23
Let h(s) = 6825*s - 65. List the prime factors of h(1).
2, 5, 13
Suppose 0 = -14*d + 32*d - 180. Suppose d*l = 11*l - 393. List the prime factors of l.
3, 131
Let a be (0 - -8)/(2 + 0). Suppose -3*n - 74 = -a*n + 5*r, -2*n + r + 112 = 0. Let i = 106 + n. List the prime factors of i.
2, 5
Let n(i) = -i**3 + 19*i**2 - 70*i - 3. Let u be n(5). Let v(b) = 12*b - 15*b - 38*b + 10. List the prime factors of v(u).
7, 19
Let m(t) = 15*t + 1119. Let o be m(0). Let y = o + -762. List the prime factors of y.
3, 7, 17
Let z(f) = 2*f**2 + 5*f - 60. Let t be z(-7). What are the prime factors of ((-2)/t)/((-109384)/(-21879) + -5)?
2, 3, 13, 17
Suppose -7*l - 34770 = -2*l - 15*l. List the prime factors of l.
3, 19, 61
Let v(i) = -7*i - 9 + 2*i - 9*i. Let u be ((8 - 2)/6)/((-3)/21). List the prime factors of v(u).
89
Let c be 18/(9/(-48)*-4). Suppose -22*j = -c*j + 650. What are the prime factors of j?
5, 13
Suppose 0 = -3*w + 7*w - 4*j - 336, 336 = 4*w - 3*j. Let b = 38 - 35. Suppose -b = v - w. What are the prime factors of v?
3
Suppose 0 = 3*i, -4*i + 12168 = -0*h + 2*h. Suppose 19*q - q = h. List the prime factors of q.
2, 13
Let p(x) = 5*x**2 + 33*x - 9. Let f be p(-7). Suppose -3*c - 2380 = -f*l, c = -1 - 4. List the prime factors of l.
11, 43
Suppose -98 = -4*n + 54. Suppose a - n - 45 = 0. Let v = 169 - a. List the prime factors of v.
2, 43
Suppose -13*t = -2*t + 495. Let c be 44/6 + (-30)/t. List the prime factors of 18*(7/6)/(c/24).
3, 7
Suppose 47*n - 43*n = 62648. List the prime factors of n.
2, 41, 191
Let r(b) = b**2 + 18*b + 30. Suppose 102 = -4*j - 2*j. Let s be r(j). Suppose -s*k + 1127 = -6*k. What are the prime factors of k?
7, 23
Suppose -2*n - 2 =